{"id":156,"date":"2011-06-06T22:45:41","date_gmt":"2011-06-06T22:45:41","guid":{"rendered":"http:\/\/www.drijfzand.nl\/?page_id=156"},"modified":"2012-05-21T10:18:03","modified_gmt":"2012-05-21T10:18:03","slug":"macbeth","status":"publish","type":"page","link":"https:\/\/www.drijfzand.nl\/?page_id=156","title":{"rendered":"Macbeth"},"content":{"rendered":"<fb:like href='https:\/\/www.drijfzand.nl\/?page_id=156' send='true' layout='button_count' show_faces='true' width='450' height='65' action='like' colorscheme='light' font='lucida grande'><\/fb:like><p><a href=\"http:\/\/www.drijfzand.nl\/?attachment_id=642\" rel=\"attachment wp-att-642\"><img loading=\"lazy\" decoding=\"async\" class=\"alignnone size-large wp-image-642\" title=\"VOORZIJDE PROGRAMMA\" src=\"http:\/\/www.drijfzand.nl\/httpdocs\/wp-content\/uploads\/VOORZIJDE-PROGRAMMA-687x1024.jpg\" alt=\"\" width=\"687\" height=\"1024\" srcset=\"https:\/\/www.drijfzand.nl\/httpdocs\/wp-content\/uploads\/VOORZIJDE-PROGRAMMA-687x1024.jpg 687w, https:\/\/www.drijfzand.nl\/httpdocs\/wp-content\/uploads\/VOORZIJDE-PROGRAMMA-201x300.jpg 201w, https:\/\/www.drijfzand.nl\/httpdocs\/wp-content\/uploads\/VOORZIJDE-PROGRAMMA.jpg 1195w\" sizes=\"auto, (max-width: 687px) 100vw, 687px\" \/><\/a><\/p>\n<p>Als Macbeth terugkeert van een veldtocht in naam van koning Duncan ontmoet hij samen met zijn vriend Banquo drie heksen die voorspellen dat hen beiden een glorieuze toekomst te wachten staat. Macbeth zal koning van Schotland worden en Banquo\u2019s nageslacht zal daarna op de troon komen.\u00a0 De voorspelling werkt bij Macbeth als een gif. Eerzucht, ambitie en machtswellust maken van Macbeth een meedogenloze moordenaar. Aangespoord door zijn vrouw, Lady Macbeth, vermoordt hij koning Duncan om zijn plaats op de troon in te nemen. Hij wordt koning, maar zijn angst regeert. De nachtmerrie begint dan pas echt. Terwijl Lady Macbeth, door schuldgevoel gedreven, wanhopig probeert het bloed van haar handen te wassen, weet Macbeth van geen ophouden en is er geen weg meer terug. Al moet heel Schotland bloeden, Macbeth zal heersen. Zijn val blijkt onvermijdelijk.<\/p>\n<p>Regie : Gerard van Rijnstra<\/p>\n<p>Choreografie : Mauke Vink<\/p>\n<p>Muzikale leiding : Paul Sonneveld<\/p>\n<p>Spelers :<\/p>\n<p>Piet Hein van Gilse, Adrie van Wijk, Wim de Lange, Ludwig Versluis, Marina Meijers, Jeroen van Berkum, Ronnie Kommen\u00e9, Jasper Sprengers, Jacques B\u00f6rger, sander Versluis, Ren\u00e9e van der Hulle-Ossendrijver, Matty Bijsterbosch, Marja regelink, Marieke van der Putten, Ilse\u00a0 Sjoerdsma, Lidwien Beijk, Angeline Kriek, Anke Reintjes, Nathalie Diender-van Kats, Danielle Horneman, Nadine van der Hulle, Mirjam van Galen, Sione Twilt, Suzanne Hessel<\/p>\n<p>Orkest :<\/p>\n<p>Paul Sonneveld, Barbara Beckers, Frank van Vliet, Corinna Tacke, Hans van Zwol, Judith Bosman, Theo Mulders, Ton Rhijnsburger, Wendy Koolhoven<\/p>\n\n\t\t<style type=\"text\/css\">\n\t\t\t#gallery-1 {\n\t\t\t\tmargin: auto;\n\t\t\t}\n\t\t\t#gallery-1 .gallery-item {\n\t\t\t\tfloat: left;\n\t\t\t\tmargin-top: 10px;\n\t\t\t\ttext-align: center;\n\t\t\t\twidth: 33%;\n\t\t\t}\n\t\t\t#gallery-1 img {\n\t\t\t\tborder: 2px solid #cfcfcf;\n\t\t\t}\n\t\t\t#gallery-1 .gallery-caption {\n\t\t\t\tmargin-left: 0;\n\t\t\t}\n\t\t\t\/* see gallery_shortcode() in wp-includes\/media.php *\/\n\t\t<\/style>\n\t\t<div id='gallery-1' class='gallery galleryid-156 gallery-columns-3 gallery-size-thumbnail'><dl class='gallery-item'>\n\t\t\t<dt class='gallery-icon portrait'>\n\t\t\t\t<a href='https:\/\/www.drijfzand.nl\/?attachment_id=597'><img loading=\"lazy\" decoding=\"async\" width=\"150\" height=\"150\" src=\"https:\/\/www.drijfzand.nl\/httpdocs\/wp-content\/uploads\/B-33-net-150x150.gif\" class=\"attachment-thumbnail size-thumbnail\" alt=\"\" \/><\/a>\n\t\t\t<\/dt><\/dl><dl class='gallery-item'>\n\t\t\t<dt class='gallery-icon portrait'>\n\t\t\t\t<a href='https:\/\/www.drijfzand.nl\/?attachment_id=598'><img loading=\"lazy\" decoding=\"async\" width=\"150\" height=\"150\" src=\"https:\/\/www.drijfzand.nl\/httpdocs\/wp-content\/uploads\/5-heksen-22-150x150.jpg\" class=\"attachment-thumbnail size-thumbnail\" alt=\"\" \/><\/a>\n\t\t\t<\/dt><\/dl><dl class='gallery-item'>\n\t\t\t<dt class='gallery-icon portrait'>\n\t\t\t\t<a href='https:\/\/www.drijfzand.nl\/?attachment_id=602'><img loading=\"lazy\" decoding=\"async\" width=\"150\" height=\"150\" src=\"https:\/\/www.drijfzand.nl\/httpdocs\/wp-content\/uploads\/ACHTERZIJDE-PROGRAMMA-150x150.jpg\" class=\"attachment-thumbnail size-thumbnail\" alt=\"\" \/><\/a>\n\t\t\t<\/dt><\/dl><br style=\"clear: both\" \/><dl class='gallery-item'>\n\t\t\t<dt class='gallery-icon portrait'>\n\t\t\t\t<a href='https:\/\/www.drijfzand.nl\/?attachment_id=603'><img loading=\"lazy\" decoding=\"async\" width=\"150\" height=\"150\" src=\"https:\/\/www.drijfzand.nl\/httpdocs\/wp-content\/uploads\/angeline-33-a-150x150.jpg\" class=\"attachment-thumbnail size-thumbnail\" alt=\"\" \/><\/a>\n\t\t\t<\/dt><\/dl><dl class='gallery-item'>\n\t\t\t<dt class='gallery-icon portrait'>\n\t\t\t\t<a href='https:\/\/www.drijfzand.nl\/?attachment_id=604'><img loading=\"lazy\" decoding=\"async\" width=\"150\" height=\"150\" src=\"https:\/\/www.drijfzand.nl\/httpdocs\/wp-content\/uploads\/anke-26-a-150x150.jpg\" class=\"attachment-thumbnail size-thumbnail\" alt=\"\" \/><\/a>\n\t\t\t<\/dt><\/dl><dl class='gallery-item'>\n\t\t\t<dt class='gallery-icon portrait'>\n\t\t\t\t<a href='https:\/\/www.drijfzand.nl\/?attachment_id=605'><img loading=\"lazy\" decoding=\"async\" width=\"150\" height=\"150\" src=\"https:\/\/www.drijfzand.nl\/httpdocs\/wp-content\/uploads\/banquo-23-150x150.jpg\" class=\"attachment-thumbnail size-thumbnail\" alt=\"\" \/><\/a>\n\t\t\t<\/dt><\/dl><br style=\"clear: both\" \/><dl class='gallery-item'>\n\t\t\t<dt class='gallery-icon portrait'>\n\t\t\t\t<a href='https:\/\/www.drijfzand.nl\/?attachment_id=606'><img loading=\"lazy\" decoding=\"async\" width=\"150\" height=\"150\" src=\"https:\/\/www.drijfzand.nl\/httpdocs\/wp-content\/uploads\/barbara-150x150.jpg\" class=\"attachment-thumbnail size-thumbnail\" alt=\"\" \/><\/a>\n\t\t\t<\/dt><\/dl><dl class='gallery-item'>\n\t\t\t<dt class='gallery-icon portrait'>\n\t\t\t\t<a href='https:\/\/www.drijfzand.nl\/?attachment_id=607'><img loading=\"lazy\" decoding=\"async\" width=\"150\" height=\"150\" src=\"https:\/\/www.drijfzand.nl\/httpdocs\/wp-content\/uploads\/danielle-8-a-150x150.jpg\" class=\"attachment-thumbnail size-thumbnail\" alt=\"\" \/><\/a>\n\t\t\t<\/dt><\/dl><dl class='gallery-item'>\n\t\t\t<dt class='gallery-icon portrait'>\n\t\t\t\t<a href='https:\/\/www.drijfzand.nl\/?attachment_id=608'><img loading=\"lazy\" decoding=\"async\" width=\"150\" height=\"150\" src=\"https:\/\/www.drijfzand.nl\/httpdocs\/wp-content\/uploads\/duffy-13-150x150.jpg\" class=\"attachment-thumbnail size-thumbnail\" alt=\"\" \/><\/a>\n\t\t\t<\/dt><\/dl><br style=\"clear: both\" \/><dl class='gallery-item'>\n\t\t\t<dt class='gallery-icon portrait'>\n\t\t\t\t<a href='https:\/\/www.drijfzand.nl\/?attachment_id=609'><img loading=\"lazy\" decoding=\"async\" width=\"150\" height=\"150\" src=\"https:\/\/www.drijfzand.nl\/httpdocs\/wp-content\/uploads\/duncan-4-150x150.jpg\" class=\"attachment-thumbnail size-thumbnail\" alt=\"\" \/><\/a>\n\t\t\t<\/dt><\/dl><dl class='gallery-item'>\n\t\t\t<dt class='gallery-icon portrait'>\n\t\t\t\t<a href='https:\/\/www.drijfzand.nl\/?attachment_id=610'><img loading=\"lazy\" decoding=\"async\" width=\"150\" height=\"150\" src=\"https:\/\/www.drijfzand.nl\/httpdocs\/wp-content\/uploads\/famile-Duff-11-150x150.jpg\" class=\"attachment-thumbnail size-thumbnail\" alt=\"\" \/><\/a>\n\t\t\t<\/dt><\/dl><dl class='gallery-item'>\n\t\t\t<dt class='gallery-icon portrait'>\n\t\t\t\t<a href='https:\/\/www.drijfzand.nl\/?attachment_id=611'><img loading=\"lazy\" decoding=\"async\" width=\"150\" height=\"150\" src=\"https:\/\/www.drijfzand.nl\/httpdocs\/wp-content\/uploads\/foto-corinna-150x150.jpg\" class=\"attachment-thumbnail size-thumbnail\" alt=\"\" \/><\/a>\n\t\t\t<\/dt><\/dl><br style=\"clear: both\" \/><dl class='gallery-item'>\n\t\t\t<dt class='gallery-icon landscape'>\n\t\t\t\t<a href='https:\/\/www.drijfzand.nl\/?attachment_id=613'><img loading=\"lazy\" decoding=\"async\" width=\"150\" height=\"150\" src=\"https:\/\/www.drijfzand.nl\/httpdocs\/wp-content\/uploads\/foto-frank-150x150.jpg\" class=\"attachment-thumbnail size-thumbnail\" alt=\"\" \/><\/a>\n\t\t\t<\/dt><\/dl><dl class='gallery-item'>\n\t\t\t<dt class='gallery-icon portrait'>\n\t\t\t\t<a href='https:\/\/www.drijfzand.nl\/?attachment_id=616'><img loading=\"lazy\" decoding=\"async\" width=\"150\" height=\"150\" src=\"https:\/\/www.drijfzand.nl\/httpdocs\/wp-content\/uploads\/hans-van-zwol-150x150.jpg\" class=\"attachment-thumbnail size-thumbnail\" alt=\"\" \/><\/a>\n\t\t\t<\/dt><\/dl><dl class='gallery-item'>\n\t\t\t<dt class='gallery-icon portrait'>\n\t\t\t\t<a href='https:\/\/www.drijfzand.nl\/?attachment_id=617'><img loading=\"lazy\" decoding=\"async\" width=\"150\" height=\"150\" src=\"https:\/\/www.drijfzand.nl\/httpdocs\/wp-content\/uploads\/jasper-22-150x150.jpg\" class=\"attachment-thumbnail size-thumbnail\" alt=\"\" \/><\/a>\n\t\t\t<\/dt><\/dl><br style=\"clear: both\" \/><dl class='gallery-item'>\n\t\t\t<dt class='gallery-icon portrait'>\n\t\t\t\t<a href='https:\/\/www.drijfzand.nl\/?attachment_id=618'><img loading=\"lazy\" decoding=\"async\" width=\"150\" height=\"150\" src=\"https:\/\/www.drijfzand.nl\/httpdocs\/wp-content\/uploads\/jeroen-3-a-150x150.jpg\" class=\"attachment-thumbnail size-thumbnail\" alt=\"\" \/><\/a>\n\t\t\t<\/dt><\/dl><dl class='gallery-item'>\n\t\t\t<dt class='gallery-icon portrait'>\n\t\t\t\t<a href='https:\/\/www.drijfzand.nl\/?attachment_id=619'><img loading=\"lazy\" decoding=\"async\" width=\"150\" height=\"150\" src=\"https:\/\/www.drijfzand.nl\/httpdocs\/wp-content\/uploads\/judith-150x150.jpg\" class=\"attachment-thumbnail size-thumbnail\" alt=\"\" \/><\/a>\n\t\t\t<\/dt><\/dl><dl class='gallery-item'>\n\t\t\t<dt class='gallery-icon portrait'>\n\t\t\t\t<a href='https:\/\/www.drijfzand.nl\/?attachment_id=620'><img loading=\"lazy\" decoding=\"async\" width=\"150\" height=\"150\" src=\"https:\/\/www.drijfzand.nl\/httpdocs\/wp-content\/uploads\/lady-mb-29-150x150.jpg\" class=\"attachment-thumbnail size-thumbnail\" alt=\"\" \/><\/a>\n\t\t\t<\/dt><\/dl><br style=\"clear: both\" \/><dl class='gallery-item'>\n\t\t\t<dt class='gallery-icon portrait'>\n\t\t\t\t<a href='https:\/\/www.drijfzand.nl\/?attachment_id=621'><img loading=\"lazy\" decoding=\"async\" width=\"150\" height=\"150\" src=\"https:\/\/www.drijfzand.nl\/httpdocs\/wp-content\/uploads\/lidwien-8-150x150.jpg\" class=\"attachment-thumbnail size-thumbnail\" alt=\"\" \/><\/a>\n\t\t\t<\/dt><\/dl><dl class='gallery-item'>\n\t\t\t<dt class='gallery-icon portrait'>\n\t\t\t\t<a href='https:\/\/www.drijfzand.nl\/?attachment_id=623'><img loading=\"lazy\" decoding=\"async\" width=\"150\" height=\"150\" src=\"https:\/\/www.drijfzand.nl\/httpdocs\/wp-content\/uploads\/macbet-lady-MB-2-150x150.jpg\" class=\"attachment-thumbnail size-thumbnail\" alt=\"\" \/><\/a>\n\t\t\t<\/dt><\/dl><dl class='gallery-item'>\n\t\t\t<dt class='gallery-icon portrait'>\n\t\t\t\t<a href='https:\/\/www.drijfzand.nl\/?attachment_id=624'><img loading=\"lazy\" decoding=\"async\" width=\"150\" height=\"150\" src=\"https:\/\/www.drijfzand.nl\/httpdocs\/wp-content\/uploads\/macbeth-18-150x150.jpg\" class=\"attachment-thumbnail size-thumbnail\" alt=\"\" \/><\/a>\n\t\t\t<\/dt><\/dl><br style=\"clear: both\" \/><dl class='gallery-item'>\n\t\t\t<dt class='gallery-icon portrait'>\n\t\t\t\t<a href='https:\/\/www.drijfzand.nl\/?attachment_id=625'><img loading=\"lazy\" decoding=\"async\" width=\"150\" height=\"150\" src=\"https:\/\/www.drijfzand.nl\/httpdocs\/wp-content\/uploads\/macduff-8-150x150.jpg\" class=\"attachment-thumbnail size-thumbnail\" alt=\"\" \/><\/a>\n\t\t\t<\/dt><\/dl><dl class='gallery-item'>\n\t\t\t<dt class='gallery-icon portrait'>\n\t\t\t\t<a href='https:\/\/www.drijfzand.nl\/?attachment_id=626'><img loading=\"lazy\" decoding=\"async\" width=\"150\" height=\"150\" src=\"https:\/\/www.drijfzand.nl\/httpdocs\/wp-content\/uploads\/marieke-15-150x150.jpg\" class=\"attachment-thumbnail size-thumbnail\" alt=\"\" \/><\/a>\n\t\t\t<\/dt><\/dl><dl class='gallery-item'>\n\t\t\t<dt class='gallery-icon portrait'>\n\t\t\t\t<a href='https:\/\/www.drijfzand.nl\/?attachment_id=627'><img loading=\"lazy\" decoding=\"async\" width=\"150\" height=\"150\" src=\"https:\/\/www.drijfzand.nl\/httpdocs\/wp-content\/uploads\/marina-2-a-150x150.jpg\" class=\"attachment-thumbnail size-thumbnail\" alt=\"\" \/><\/a>\n\t\t\t<\/dt><\/dl><br style=\"clear: both\" \/><dl class='gallery-item'>\n\t\t\t<dt class='gallery-icon portrait'>\n\t\t\t\t<a href='https:\/\/www.drijfzand.nl\/?attachment_id=628'><img loading=\"lazy\" decoding=\"async\" width=\"150\" height=\"150\" src=\"https:\/\/www.drijfzand.nl\/httpdocs\/wp-content\/uploads\/marina-4-150x150.jpg\" class=\"attachment-thumbnail size-thumbnail\" alt=\"\" \/><\/a>\n\t\t\t<\/dt><\/dl><dl class='gallery-item'>\n\t\t\t<dt class='gallery-icon portrait'>\n\t\t\t\t<a href='https:\/\/www.drijfzand.nl\/?attachment_id=629'><img loading=\"lazy\" decoding=\"async\" width=\"150\" height=\"150\" src=\"https:\/\/www.drijfzand.nl\/httpdocs\/wp-content\/uploads\/marja-34-a-150x150.jpg\" class=\"attachment-thumbnail size-thumbnail\" alt=\"\" \/><\/a>\n\t\t\t<\/dt><\/dl><dl class='gallery-item'>\n\t\t\t<dt class='gallery-icon portrait'>\n\t\t\t\t<a href='https:\/\/www.drijfzand.nl\/?attachment_id=630'><img loading=\"lazy\" decoding=\"async\" width=\"150\" height=\"150\" src=\"https:\/\/www.drijfzand.nl\/httpdocs\/wp-content\/uploads\/matty-16-150x150.jpg\" class=\"attachment-thumbnail size-thumbnail\" alt=\"\" \/><\/a>\n\t\t\t<\/dt><\/dl><br style=\"clear: both\" \/><dl class='gallery-item'>\n\t\t\t<dt class='gallery-icon portrait'>\n\t\t\t\t<a href='https:\/\/www.drijfzand.nl\/?attachment_id=631'><img loading=\"lazy\" decoding=\"async\" width=\"150\" height=\"150\" src=\"https:\/\/www.drijfzand.nl\/httpdocs\/wp-content\/uploads\/mauke-150x150.jpg\" class=\"attachment-thumbnail size-thumbnail\" alt=\"\" \/><\/a>\n\t\t\t<\/dt><\/dl><dl class='gallery-item'>\n\t\t\t<dt class='gallery-icon portrait'>\n\t\t\t\t<a href='https:\/\/www.drijfzand.nl\/?attachment_id=632'><img loading=\"lazy\" decoding=\"async\" width=\"150\" height=\"150\" src=\"https:\/\/www.drijfzand.nl\/httpdocs\/wp-content\/uploads\/mirjam-19-a-150x150.jpg\" class=\"attachment-thumbnail size-thumbnail\" alt=\"\" \/><\/a>\n\t\t\t<\/dt><\/dl><dl class='gallery-item'>\n\t\t\t<dt class='gallery-icon portrait'>\n\t\t\t\t<a href='https:\/\/www.drijfzand.nl\/?attachment_id=633'><img loading=\"lazy\" decoding=\"async\" width=\"150\" height=\"150\" src=\"https:\/\/www.drijfzand.nl\/httpdocs\/wp-content\/uploads\/nadine-18-a-150x150.jpg\" class=\"attachment-thumbnail size-thumbnail\" alt=\"\" \/><\/a>\n\t\t\t<\/dt><\/dl><br style=\"clear: both\" \/><dl class='gallery-item'>\n\t\t\t<dt class='gallery-icon portrait'>\n\t\t\t\t<a href='https:\/\/www.drijfzand.nl\/?attachment_id=634'><img loading=\"lazy\" decoding=\"async\" width=\"150\" height=\"150\" src=\"https:\/\/www.drijfzand.nl\/httpdocs\/wp-content\/uploads\/nathalie-14-a-150x150.jpg\" class=\"attachment-thumbnail size-thumbnail\" alt=\"\" \/><\/a>\n\t\t\t<\/dt><\/dl><dl class='gallery-item'>\n\t\t\t<dt class='gallery-icon portrait'>\n\t\t\t\t<a href='https:\/\/www.drijfzand.nl\/?attachment_id=635'><img loading=\"lazy\" decoding=\"async\" width=\"150\" height=\"150\" src=\"https:\/\/www.drijfzand.nl\/httpdocs\/wp-content\/uploads\/paul-150x150.jpg\" class=\"attachment-thumbnail size-thumbnail\" alt=\"\" \/><\/a>\n\t\t\t<\/dt><\/dl><dl class='gallery-item'>\n\t\t\t<dt class='gallery-icon portrait'>\n\t\t\t\t<a href='https:\/\/www.drijfzand.nl\/?attachment_id=636'><img loading=\"lazy\" decoding=\"async\" width=\"150\" height=\"150\" src=\"https:\/\/www.drijfzand.nl\/httpdocs\/wp-content\/uploads\/renee-32-150x150.jpg\" class=\"attachment-thumbnail size-thumbnail\" alt=\"\" \/><\/a>\n\t\t\t<\/dt><\/dl><br style=\"clear: both\" \/><dl class='gallery-item'>\n\t\t\t<dt class='gallery-icon portrait'>\n\t\t\t\t<a href='https:\/\/www.drijfzand.nl\/?attachment_id=637'><img loading=\"lazy\" decoding=\"async\" width=\"150\" height=\"150\" src=\"https:\/\/www.drijfzand.nl\/httpdocs\/wp-content\/uploads\/ronnie-32-a-150x150.jpg\" class=\"attachment-thumbnail size-thumbnail\" alt=\"\" \/><\/a>\n\t\t\t<\/dt><\/dl><dl class='gallery-item'>\n\t\t\t<dt class='gallery-icon portrait'>\n\t\t\t\t<a href='https:\/\/www.drijfzand.nl\/?attachment_id=638'><img loading=\"lazy\" decoding=\"async\" width=\"150\" height=\"150\" src=\"https:\/\/www.drijfzand.nl\/httpdocs\/wp-content\/uploads\/theo-150x150.jpg\" class=\"attachment-thumbnail size-thumbnail\" alt=\"\" \/><\/a>\n\t\t\t<\/dt><\/dl><dl class='gallery-item'>\n\t\t\t<dt class='gallery-icon portrait'>\n\t\t\t\t<a href='https:\/\/www.drijfzand.nl\/?attachment_id=640'><img loading=\"lazy\" decoding=\"async\" width=\"150\" height=\"150\" src=\"https:\/\/www.drijfzand.nl\/httpdocs\/wp-content\/uploads\/ton-150x150.jpg\" class=\"attachment-thumbnail size-thumbnail\" alt=\"\" \/><\/a>\n\t\t\t<\/dt><\/dl><br style=\"clear: both\" \/><dl class='gallery-item'>\n\t\t\t<dt class='gallery-icon portrait'>\n\t\t\t\t<a href='https:\/\/www.drijfzand.nl\/?attachment_id=641'><img loading=\"lazy\" decoding=\"async\" width=\"150\" height=\"150\" src=\"https:\/\/www.drijfzand.nl\/httpdocs\/wp-content\/uploads\/twee-duffies-15-150x150.jpg\" class=\"attachment-thumbnail size-thumbnail\" alt=\"\" \/><\/a>\n\t\t\t<\/dt><\/dl><dl class='gallery-item'>\n\t\t\t<dt class='gallery-icon portrait'>\n\t\t\t\t<a href='https:\/\/www.drijfzand.nl\/?attachment_id=642'><img loading=\"lazy\" decoding=\"async\" width=\"150\" height=\"150\" src=\"https:\/\/www.drijfzand.nl\/httpdocs\/wp-content\/uploads\/VOORZIJDE-PROGRAMMA-150x150.jpg\" class=\"attachment-thumbnail size-thumbnail\" alt=\"\" \/><\/a>\n\t\t\t<\/dt><\/dl><dl class='gallery-item'>\n\t\t\t<dt class='gallery-icon portrait'>\n\t\t\t\t<a href='https:\/\/www.drijfzand.nl\/?attachment_id=644'><img loading=\"lazy\" decoding=\"async\" width=\"150\" height=\"150\" src=\"https:\/\/www.drijfzand.nl\/httpdocs\/wp-content\/uploads\/ilse-6-net-150x150.jpg\" class=\"attachment-thumbnail size-thumbnail\" alt=\"\" \/><\/a>\n\t\t\t<\/dt><\/dl><br style=\"clear: both\" \/><dl class='gallery-item'>\n\t\t\t<dt class='gallery-icon landscape'>\n\t\t\t\t<a href='https:\/\/www.drijfzand.nl\/?attachment_id=645'><img loading=\"lazy\" decoding=\"async\" width=\"150\" height=\"150\" src=\"https:\/\/www.drijfzand.nl\/httpdocs\/wp-content\/uploads\/nadine-nathalie-suzanne-ne-150x150.jpg\" class=\"attachment-thumbnail size-thumbnail\" alt=\"\" \/><\/a>\n\t\t\t<\/dt><\/dl><dl class='gallery-item'>\n\t\t\t<dt class='gallery-icon portrait'>\n\t\t\t\t<a href='https:\/\/www.drijfzand.nl\/?attachment_id=646'><img loading=\"lazy\" decoding=\"async\" width=\"150\" height=\"150\" src=\"https:\/\/www.drijfzand.nl\/httpdocs\/wp-content\/uploads\/suzanne-21-a-net-150x150.jpg\" class=\"attachment-thumbnail size-thumbnail\" alt=\"\" \/><\/a>\n\t\t\t<\/dt><\/dl>\n\t\t\t<br style='clear: both' \/>\n\t\t<\/div>\n\n<div class='shareinpost'><ul class=\"socialwrap row\"><li class=\"icon_text share\">share:<\/li><li class=\"icon_text\"><a  rel='nofollow'  target='_blank'  title='Tip this post : Macbeth on Hyves'  href='http:\/\/hyves-share.nl\/button\/tip\/?tipcategoryid=12&amp;rating=5&amp;title=https%3A%2F%2Fwww.drijfzand.nl%2F%3Fpage_id%3D156&amp;body=Macbeth'  ><img  src='http:\/\/www.drijfzand.nl\/wp-content\/plugins\/share-and-follow\/images\/blank.gif'  height='16' width='16'  class='image-16' alt='hyves'  style='background: transparent url(http:\/\/www.drijfzand.nl\/wp-content\/plugins\/share-and-follow\/default\/16\/sprite-feb-16.png) no-repeat;padding:0;margin:0;height:16px;width:16px;background-position:-459px 0px'   \/> <span class=\"head\">Tip on Hyves<\/span><\/a><\/li><li class=\"icon_text\"><a  rel='nofollow'  target='_blank'  title='Tweet this post : Macbeth on Twitter'  href=\"http:\/\/twitter.com\/share?url=https%3A%2F%2Fwww.drijfzand.nl%2F%3Fpage_id%3D156&amp;text=\"  ><img  src='http:\/\/www.drijfzand.nl\/wp-content\/plugins\/share-and-follow\/images\/blank.gif'  height='16' width='16'  class='image-16' alt='twitter'  style='background: transparent url(http:\/\/www.drijfzand.nl\/wp-content\/plugins\/share-and-follow\/default\/16\/sprite-feb-16.png) no-repeat;padding:0;margin:0;height:16px;width:16px;background-position:-1105px 0px'   \/> <span class=\"head\">Tweet about it<\/span><\/a><\/li><li class=\"icon_text\"><a rel=\"_self\" href=\"https:\/\/www.drijfzand.nl\/?page_id=156&feed=rss2\" title=\"Follow this post : Macbeth comments\"><img loading=\"lazy\" decoding=\"async\" src=\"http:\/\/www.drijfzand.nl\/wp-content\/plugins\/share-and-follow\/images\/blank.gif\" height=\"16\"  width=\"16\" style=\"background: transparent url(http:\/\/www.drijfzand.nl\/wp-content\/plugins\/share-and-follow\/default\/16\/sprite-feb-16.png) no-repeat;padding:0;margin:0;height:16px;width:16px;background-position:-918px 0px\" class=\"image-16\"  alt=\"rss\" \/> <span class=\"head\">Subscribe to the comments on this post<\/span><\/a><\/li><li class=\"icon_text\"><a rel=\"_self\" href=\"mailto:?subject=Drijfzand.nl%20:%20Macbeth&amp;body=here%20is%20a%20link%20to%20a%20site%20I%20really%20like.%20%20%20https:\/\/www.drijfzand.nl\/?page_id=156\" title=\"Tell a friend about this post : Macbeth \"><img loading=\"lazy\" decoding=\"async\" src=\"http:\/\/www.drijfzand.nl\/wp-content\/plugins\/share-and-follow\/images\/blank.gif\" height=\"16\"  width=\"16\" style=\"background: transparent url(http:\/\/www.drijfzand.nl\/wp-content\/plugins\/share-and-follow\/default\/16\/sprite-feb-16.png) no-repeat;padding:0;margin:0;height:16px;width:16px;background-position:-187px 0px\" class=\"image-16\"  alt=\"email\" \/> <span class=\"head\">Tell a friend<\/span><\/a><\/li><\/ul><div class=\"clean\"><\/div> <\/div><fb:like href='https:\/\/www.drijfzand.nl\/?page_id=156' send='true' layout='button_count' show_faces='true' width='450' height='65' action='like' colorscheme='light' font='lucida grande'><\/fb:like>","protected":false},"excerpt":{"rendered":"<p>Als Macbeth terugkeert van een veldtocht in naam van koning Duncan ontmoet hij samen met zijn vriend Banquo drie heksen die voorspellen dat hen beiden een glorieuze toekomst te wachten [&hellip;]<\/p>\n","protected":false},"author":2,"featured_media":642,"parent":79,"menu_order":0,"comment_status":"open","ping_status":"open","template":"","meta":{"footnotes":"","_links_to":"","_links_to_target":""},"class_list":["post-156","page","type-page","status-publish","has-post-thumbnail","hentry"],"_links":{"self":[{"href":"https:\/\/www.drijfzand.nl\/index.php?rest_route=\/wp\/v2\/pages\/156","targetHints":{"allow":["GET"]}}],"collection":[{"href":"https:\/\/www.drijfzand.nl\/index.php?rest_route=\/wp\/v2\/pages"}],"about":[{"href":"https:\/\/www.drijfzand.nl\/index.php?rest_route=\/wp\/v2\/types\/page"}],"author":[{"embeddable":true,"href":"https:\/\/www.drijfzand.nl\/index.php?rest_route=\/wp\/v2\/users\/2"}],"replies":[{"embeddable":true,"href":"https:\/\/www.drijfzand.nl\/index.php?rest_route=%2Fwp%2Fv2%2Fcomments&post=156"}],"version-history":[{"count":13,"href":"https:\/\/www.drijfzand.nl\/index.php?rest_route=\/wp\/v2\/pages\/156\/revisions"}],"predecessor-version":[{"id":1939,"href":"https:\/\/www.drijfzand.nl\/index.php?rest_route=\/wp\/v2\/pages\/156\/revisions\/1939"}],"up":[{"embeddable":true,"href":"https:\/\/www.drijfzand.nl\/index.php?rest_route=\/wp\/v2\/pages\/79"}],"wp:featuredmedia":[{"embeddable":true,"href":"https:\/\/www.drijfzand.nl\/index.php?rest_route=\/wp\/v2\/media\/642"}],"wp:attachment":[{"href":"https:\/\/www.drijfzand.nl\/index.php?rest_route=%2Fwp%2Fv2%2Fmedia&parent=156"}],"curies":[{"name":"wp","href":"https:\/\/api.w.org\/{rel}","templated":true}]}}